
What is the highest common factor of 1730 and 90?
10
Calculate the greatest common factor of 17380 and 880.
220
Calculate the highest common factor of 196 and 1149400.
28
What is the highest common divisor of 7648 and 480?
32
Calculate the greatest common divisor of 222697 and 43.
43
What is the highest common divisor of 35 and 33985?
35
What is the highest common factor of 768 and 780?
12
What is the highest common factor of 1656 and 3381?
69
Calculate the highest common divisor of 3809772 and 60.
12
Calculate the highest common factor of 1791 and 22419.
9
What is the greatest common divisor of 415220 and 2080?
260
Calculate the highest common factor of 200326 and 2009.
287
Calculate the greatest common divisor of 3698541 and 21.
21
What is the highest common factor of 206 and 45629?
103
What is the highest common factor of 350 and 36450?
50
Calculate the highest common divisor of 360 and 1238130.
90
Calculate the greatest common divisor of 47750 and 16250.
250
What is the greatest common factor of 536355 and 87?
87
Calculate the greatest common divisor of 12 and 701394.
6
Calculate the highest common divisor of 24 and 440514.
6
Calculate the highest common factor of 1424 and 325384.
712
What is the highest common factor of 18 and 31014?
18
What is the greatest common factor of 934 and 7539248?
934
Calculate the greatest common divisor of 572 and 6116.
44
What is the highest common factor of 10649 and 345?
23
What is the greatest common divisor of 46400 and 1180?
20
Calculate the highest common factor of 876 and 33069.
219
Calculate the greatest common divisor of 119 and 2567.
17
Calculate the greatest common factor of 48 and 14368.
16
What is the greatest common factor of 245020 and 60?
20
Calculate the highest common divisor of 309 and 220729.
103
Calculate the highest common factor of 10180 and 180.
20
Calculate the greatest common divisor of 15910464 and 48.
48
Calculate the greatest common factor of 14250 and 304.
38
What is the highest common divisor of 2639751 and 3?
3
What is the greatest common factor of 91624 and 26?
26
What is the highest common factor of 35 and 77875?
35
What is the greatest common factor of 84 and 286476?
12
Calculate the highest common factor of 49574 and 224.
14
What is the highest common factor of 175 and 319025?
175
Calculate the highest common divisor of 135783 and 216.
27
Calculate the highest common factor of 217 and 43555.
31
What is the highest common divisor of 464 and 1328?
16
Calculate the highest common divisor of 12 and 2148.
12
Calculate the highest common factor of 9683 and 1610.
23
Calculate the highest common divisor of 8914532 and 1826.
1826
Calculate the greatest common factor of 35 and 1826160.
35
What is the highest common factor of 3779902 and 1526?
1526
Calculate the greatest common divisor of 51 and 54791.
17
Calculate the highest common factor of 6942 and 105300.
78
Calculate the greatest common divisor of 108581 and 33.
11
Calculate the highest common divisor of 24 and 69408.
24
What is the greatest common divisor of 1725 and 27825?
75
Calculate the greatest common factor of 10128 and 4.
4
Calculate the highest common factor of 30402 and 120.
6
What is the greatest common divisor of 6660 and 4716?
36
Calculate the highest common divisor of 2 and 39343.
1
What is the greatest common factor of 76 and 298?
2
What is the highest common divisor of 3099301 and 509?
509
Calculate the highest common factor of 345 and 9085.
115
Calculate the highest common divisor of 720 and 126.
18
Calculate the highest common factor of 3483 and 1032129.
1161
What is the greatest common divisor of 760 and 2945?
95
Calculate the highest common divisor of 68984 and 232.
8
What is the greatest common divisor of 8250 and 241500?
750
Calculate the greatest common divisor of 38745 and 1665.
45
Calculate the greatest common divisor of 492895 and 26.
13
What is the greatest common divisor of 17682 and 5712?
42
What is the highest common factor of 1788 and 10548?
12
What is the greatest common divisor of 264 and 50568?
24
What is the greatest common factor of 1029 and 259?
7
What is the highest common divisor of 1216 and 22032?
16
What is the greatest common divisor of 124362 and 69678?
882
Calculate the greatest common factor of 845 and 1013831.
169
Calculate the greatest common divisor of 550 and 6640.
10
What is the greatest common factor of 11309 and 1462?
43
What is the highest common factor of 14499 and 356568?
537
Calculate the greatest common factor of 308 and 1204.
28
Calculate the greatest common divisor of 161356 and 1284.
428
Calculate the highest common divisor of 9207 and 4422.
33
What is the greatest common factor of 198 and 295416?
198
What is the highest common divisor of 233275 and 175?
175
Calculate the greatest common divisor of 355 and 4624585.
355
What is the highest common divisor of 844 and 617597?
211
Calculate the highest common factor of 440 and 1479016.
88
What is the highest common factor of 1645 and 21?
7
Calculate the greatest common divisor of 225 and 592900.
25
Calculate the greatest common factor of 47586 and 91.
7
Calculate the greatest common factor of 84 and 33708.
12
Calculate the greatest common divisor of 20092 and 124.
4
What is the greatest common factor of 59071 and 1178?
19
What is the greatest common divisor of 6318 and 1134?
162
What is the greatest common divisor of 48090 and 1470?
210
What is the highest common divisor of 17717 and 28?
7
What is the highest common divisor of 44 and 82434?
22
What is the greatest common factor of 2192 and 9328?
16
What is the greatest common factor of 710 and 79094?
142
What is the greatest common factor of 698504 and 4?
4
What is the greatest common divisor of 1231013 and 14?
7
What is the highest common divisor of 19564 and 1876?
268
Calculate the greatest common factor of 126883 and 31.
31
Calculate the highest common divisor of 6776 and 11396.
308
Calculate the greatest common factor of 1226 and 58.
2
Calculate the highest common factor of 16 and 167136.
16
Calculate the highest common divisor of 984 and 7257.
123
What is the highest common divisor of 2990 and 1664?
26
Calculate the highest common factor of 2129093 and 29.
29
What is the highest common divisor of 4766968 and 776?
776
What is the highest common divisor of 16 and 13136?
16
What is the greatest common factor of 24 and 576924?
12
What is the highest common factor of 9 and 202431?
3
What is the highest common factor of 13771 and 3149?
47
Calculate the highest common divisor of 1763 and 12681259.
1763
Calculate the highest common divisor of 121273 and 4671.
173
What is the greatest common divisor of 12350 and 13091?
247
What is the highest common divisor of 105 and 460145?
35
What is the highest common factor of 636605 and 5?
5
What is the greatest common factor of 740 and 4292?
148
Calculate the greatest common factor of 4992 and 46332.
156
Calculate the greatest common divisor of 2695 and 2750.
55
What is the highest common divisor of 2 and 2869?
1
What is the greatest common factor of 534957 and 115?
23
What is the highest common factor of 260416 and 64?
64
Calculate the highest common factor of 680 and 1033770.
170
What is the greatest common divisor of 27396 and 828?
36
Calculate the greatest common divisor of 2182 and 470.
2
Calculate the greatest common divisor of 40967 and 1278.
71
Calculate the highest common factor of 913 and 25896.
83
What is the highest common factor of 56 and 34944?
56
Calculate the highest common divisor of 508 and 2460.
4
Calculate the greatest common factor of 8142706 and 26.
26
Calculate the greatest common divisor of 18357 and 1899.
633
What is the highest common divisor of 29888 and 1024?
64
Calculate the greatest common factor of 1218 and 570198.
174
Calculate the greatest common divisor of 1344 and 141344.
224
Calculate the highest common divisor of 1 and 28307.
1
Calculate the greatest common factor of 272 and 2346.
34
What is the highest common factor of 32582 and 286?
22
What is the greatest common divisor of 10145 and 30?
5
Calculate the greatest common factor of 360 and 21510.
90
What is the greatest common factor of 23535 and 27?
9
What is the highest common divisor of 144652 and 1161?
43
What is the highest common divisor of 